 - 308*y - 117. Determine m(7).
-411
Let j(s) = 5*s**2 + 2821*s - 57739. Determine j(-584).
77
Let i(w) = 4531*w - 86156. Calculate i(19).
-67
Let k(a) = -2*a**3 + 28*a**2 - 112*a + 219. What is k(2)?
91
Let i(v) = 534*v**3 - 1063*v**2 - 17*v + 25. Give i(2).
11
Let c(o) = -84*o + 6042. Give c(72).
-6
Let r(h) = 611*h**3 - 70*h**2 + 65*h - 2. Determine r(1).
604
Let x(o) = 4*o**2 + 16181*o - 73. Calculate x(0).
-73
Let c(q) = 6*q**3 + 2*q**2 + 65*q + 258. What is c(-4)?
-354
Let x(f) = -5*f**3 - 2*f**2 + 4*f + 41. Calculate x(-9).
3488
Let o(l) = 231*l + 1749. Calculate o(-9).
-330
Let y(t) = 5794*t + 4513523. What is y(-779)?
-3
Let s(g) = g**2 + 1172*g - 5938. What is s(5)?
-53
Let q(k) = -2047*k - 302933. Determine q(-148).
23
Let h(p) = 39*p + 13896. Calculate h(-349).
285
Let y(d) = 32*d**2 - 29*d + 118. Calculate y(4).
514
Let r(p) = 1219*p - 269419. Calculate r(221).
-20
Let s(k) = 4*k**3 + 858*k**2 - 469*k - 8274. What is s(-215)?
111
Let w(c) = -2*c**3 - 122*c**2 - 96*c + 14618. What is w(-58)?
2
Let u(o) = -3*o**3 - 27*o**2 + 170*o - 5. Give u(4).
51
Let j(c) = -5925*c + 12064. Give j(2).
214
Let y(p) = -696*p - 700. Calculate y(-1).
-4
Let k(m) = 369*m**2 - 8494*m + 33. Determine k(23).
-128
Let g(l) = 28*l**2 - 1600*l - 5. Give g(57).
-233
Let v(y) = -144*y + 13549. Calculate v(82).
1741
Let f(p) = 737*p + 230787. Give f(-313).
106
Let g(l) = -18334*l - 4546821. What is g(-248)?
11
Let o(b) = 5*b**3 + 8512*b**2 + 93027*b - 1. Determine o(-11).
-1
Let t(n) = 6*n**2 - 4526*n - 92926. Calculate t(-20).
-6
Let l(t) = t**2 - 61728*t + 740569. Determine l(12).
-23
Let y(h) = -302*h - 27703. Calculate y(-93).
383
Let h(i) = -33*i**3 + 10386*i**2 + 2827*i + 2515. Give h(315).
-5
Let l(f) = -f**2 - 832*f + 9888. Give l(12).
-240
Let x(o) = -o**3 + 214*o**2 - 1817*o + 436886. Calculate x(215).
6
Let t(g) = g**3 - 232*g**2 - 2421*g + 317. Calculate t(242).
75
Let a(v) = -510*v + 15198. What is a(30)?
-102
Let f(k) = 11*k**3 + 345*k**2 - 111*k + 3628. Give f(-32).
12
Let u(k) = 5851*k - 5527. What is u(1)?
324
Let n(a) = 110*a**2 - 1021*a + 17. Determine n(8).
-1111
Let s(r) = 2*r**2 + 1477*r - 171478. Give s(102).
-16
Let n(j) = j**2 - 194*j - 34256. Determine n(-112).
16
Let l(n) = -n**3 + 429*n**2 - 1269*n - 34. Give l(3).
-7
Let y(a) = -587*a - 805. What is y(-2)?
369
Let m(u) = u**3 - 2221*u**2 + 19923*u - 51. Determine m(9).
84
Let y(o) = -o**3 - 8*o**2 + 1001*o + 218. Determine y(28).
22
Let a(p) = -831681*p + 1663357. Give a(2).
-5
Let b(k) = -k**3 + 32*k**2 + 238*k - 6927. Determine b(32).
689
Let x(u) = 52*u**2 + 19924*u + 3053. Determine x(-383).
-11
Let p(y) = -y**3 + 47*y**2 + 785*y - 24758. What is p(53)?
-7
Let z(s) = -28167*s - 253517. What is z(-9)?
-14
Let h(k) = 64*k**2 + 236*k - 496. Give h(2).
232
Let x(v) = 17*v**2 + 212*v + 970. Calculate x(-5).
335
Let g(j) = -2*j**3 - 127*j**2 + 1386*j + 50. Give g(-73).
123
Let k(x) = x**3 - 3*x**2 - 104*x - 66. Give k(12).
-18
Let s(i) = -5*i**3 - 42*i**2 - 824*i - 6606. Calculate s(-8).
-142
Let h(c) = c**3 - 12*c**2 - 277*c - 8. Determine h(-11).
256
Let t(i) = 3*i**3 - 9*i**2 - 807*i + 48. Determine t(-15).
3
Let p(b) = -10*b**2 - 20365*b - 2725195. Give p(-144).
5
Let s(u) = 118813*u + 1544575. Determine s(-13).
6
Let q(r) = -9*r**3 + 8*r**2 - 8*r - 104. Give q(-5).
1261
Let k(y) = 48*y**2 + 563*y + 562. What is k(-1)?
47
Let b(a) = 2*a**2 + 6760*a - 211435. Give b(31).
47
Let a(z) = z**3 - 52*z**2 - 69*z + 10568. Determine a(49).
-16
Let q(z) = 686*z - 6907. Determine q(13).
2011
Let k(j) = -72*j**3 + 19*j**2 - 37*j + 3. What is k(5)?
-8707
Let b(o) = -129691*o - 778155. Give b(-6).
-9
Let k(i) = i**3 + 12*i**2 - 2110*i - 10985. What is k(43)?
-20
Let c(x) = 8*x**3 - 88*x**2 + 19*x - 523. Calculate c(11).
-314
Let i(f) = 16405*f - 49200. Determine i(3).
15
Let o(h) = 4*h**3 - 913*h**2 + 1123*h + 2723. Give o(227).
-1
Let z(x) = 4882*x - 302689. Calculate z(62).
-5
Let l(a) = -163*a**2 + 5735*a - 1043. Determine l(35).
7
Let n(z) = -4*z**2 - 56*z - 53. Give n(-1).
-1
Let t(z) = 214*z**3 - 1511*z**2 - 5*z + 14. Determine t(7).
-658
Let h(q) = q**3 - 14*q**2 + 367*q - 5130. Calculate h(14).
8
Let n(b) = -b**3 - 29*b**2 - 214*b - 11. Determine n(-13).
67
Let r(b) = 25*b + 4488. Calculate r(-169).
263
Let x(n) = n**3 - 12*n**2 + 7541*n - 75118. Calculate x(10).
92
Let s(y) = -14114*y - 860920. Give s(-61).
34
Let g(q) = -3*q**2 + 120*q + 17054. Give g(-58).
2
Let s(q) = -274*q - 1010. What is s(-6)?
634
Let b(j) = -2*j**3 - 10*j**2 + 43*j - 41. What is b(-11)?
938
Let d(t) = 6415*t**2 - 76974*t - 72. Give d(12).
0
Let a(s) = 7*s**3 + 4716*s**2 - 1328*s + 13234. Determine a(-674).
-246
Let d(b) = -639*b**2 + 81*b - 7. Determine d(1).
-565
Let d(y) = -124*y**2 - 335*y + 1357. What is d(4)?
-1967
Let m(u) = -u**3 + 11*u**2 - 57*u - 15. What is m(6)?
-177
Let h(j) = -27*j**2 - 671*j + 805. Determine h(-26).
-1
Let f(s) = s**2 - 62*s + 20. Calculate f(-16).
1268
Let l(u) = 45862*u + 1054826. Calculate l(-23).
0
Let x(a) = -5483*a + 871678. Give x(159).
-119
Let b(w) = -2*w**3 + 223*w**2 + 814*w - 1058. Determine b(115).
-23
Let p(h) = -88*h + 650. Determine p(-22).
2586
Let t(f) = f**3 - 10*f**2 - 177*f - 1233. What is t(-7)?
-827
Let o(h) = h**3 + 714*h**2 - 10937*h + 6. Determine o(15).
-24
Let t(g) = -63*g**2 - 2260*g + 252. Calculate t(-36).
-36
Let u(z) = 73*z**2 + 145*z - 543. Calculate u(-5).
557
Let m(g) = 91300*g - 182602. Give m(2).
-2
Let z(s) = 2951*s - 203476. What is z(69)?
143
Let a(i) = 2*i**3 + 76*i**2 - 247*i + 97. What is a(-41)?
138
Let s(o) = 101*o**2 + 913*o + 17. What is s(-9)?
-19
Let o(r) = -136*r**3 - 3162*r**2 - 768*r + 327. Calculate o(-23).
5
Let f(w) = -33*w + 3693. Calculate f(112).
-3
Let k(b) = b**2 - 81902*b + 655144. What is k(8)?
-8
Let f(m) = m**3 + 14*m**2 + 2387*m + 33425. What is f(-14)?
7
Let f(v) = 3*v**3 + 61*v**2 - 19*v - 646. Determine f(-20).
134
Let q(w) = 729*w + 235541. Give q(-323).
74
Let l(f) = -3*f**2 - 475*f - 13441. Calculate l(-121).
111
Let u(w) = -w**3 - 89*w**2 + 2*w + 458. Calculate u(-89).
280
Let f(s) = -s**3 + 32*s**2 + 453*s + 1019. What is f(-8)?
-45
Let g(z) = -z**3 - 53*z**2 - 588*z + 707. What is g(-40)?
3427
Let y(f) = -95*f**2 + 1121*f - 839. Give y(11).
-3
Let c(o) = -2395*o + 62998. Give c(26).
728
Let g(o) = -o**3 - 129*o**2 - 719*o - 416. What is g(-123)?
-2753
Let u(r) = 3*r**3 - 631*r**2 + 215*r - 1050. What is u(210)?
0
Let a(o) = o**3 + 271*o**2 - 32491*o + 83. What is a(90)?
-7
Let n(h) = 13*h**3 - 2*h**2 + 9*h + 137. Determine n(-6).
-2797
Let i(u) = 9701*u + 77605. Calculate i(-8).
-3
Let b(l) = 7*l**3 - 347*l**2 + 204*l - 353. What is b(49)?
39
Let n(b) = 20036*b + 40323. Determine n(-2).
251
Let d(z) = 25*z**2 - 268*z + 459. What is d(2)?
23
Let j(m) = 3197*m + 10308. What is j(-4)?
-2480
Let n(c) = 3*c**3 + 137*c**2 + 1192*c + 69. Give n(-34).
1
Let r(w) = -1962*w + 249151. Determine r(127).
-23
Let w(m) = -6662*m + 233159. Give w(35).
-11
Let h(v) = v**3 - 158*v**2 - 927*v - 9355. Determine h(164).
-7
Let f(n) = 9*n**3 + 103*n**2 - 116*n - 17. Calculate f(-12).
655
Let v(c) = c**3 + 30*c**2 - 256*c + 9. Determine v(5).
-396
Let v(d) = 10*d**2 - 627*d - 468. Determine v(64).
364
Let j(v) = 11842*v - 710594. Calculate j(60).
-74
Let x(v) = v**3 + 189*v**2 + 745*v + 286. Determine x(-185).
-639
Let x(w) = -w**3 + 7*w**2 + 14*w + 159. Determine x(0).
159
Let z(g) = -87162*g - 87168. What is z(-1)?
-6
Let h(a) = 3147*a - 97790. Give h(31).
-233
Let c(t) = -712*t - 5653. Give c(-8).
43
Let m(q) = -q**2 + 387*q - 33768. Give m(254).
14
Let z(k) = -73*k**3 - 4306*k**2 + 57*k - 138. Determine z(-59).
-20
Let u(q) = -q**3 + 29*q**2 - 200*q - 90. Give u(13).
14
Let a(z) = 3*z**3 - 112*z**2 + 285*z - 1276. Calculate a(35).
124
Let v(n) = 3*n**2 + 5140*n + 106546. Give v(-21).
-71
Let h(x) = 34*x**2 + 21904*x + 92162. Give h(-640).
2
Let i(h) = 3555*h - 171594. Give i(48).
-954
Let u(t) = -6*t**2 + 452*t - 3356. Determine u(67).
-6
Let n(m) = -501*m + 15721. What is n(35)?
-1814
Let j(s) = -37*s**2 + 476*s + 950. Determine j(-2).
-150
Let c(f) = -f**2 + 616*f - 41501. Determine c(539).
2
Let v(g) = -g**3 - 126*g**2 + 1044*g - 2648. What is v(-134)?
1104
Let r(f) = 297*f + 5364. Determine r(-18).
18
Let x(j) = j**